t k(f) = f**2 + 5*f + 2. Let g be k(i). Suppose -g*j + 66 = -18. What are the prime factors of j?
2, 3, 7
Let x = -25 - -50. Let v = -24 + x. What are the prime factors of v - -9 - (-5 + 8)?
7
Let v = -4116 - -5823. What are the prime factors of v?
3, 569
Suppose -11 = -0*w - 2*w + 5*v, -5*w + 4*v = -2. Let t = 11 + w. Let k = 3 + t. List the prime factors of k.
2, 3
Suppose -2 + 4 = -2*l - 4*g, l - 13 = 5*g. Let r = 8 + l. What are the prime factors of r?
11
Let q(g) = 3*g + 3. Let m = -226 + 158. Let z be -3*(4 + m/12). List the prime factors of q(z).
2, 3
Suppose 3*z - 361 - 421 = b, -5*b = -5*z + 1290. What are the prime factors of z?
2, 131
Let s = -28 + 87. Suppose -z + 15 + s = 0. Suppose -5*h = -z - 46. List the prime factors of h.
2, 3
Let f = 154 + -45. Let d = f - -138. What are the prime factors of d?
13, 19
Suppose 63 - 226 = -q + 5*z, -2*z = 4. List the prime factors of q.
3, 17
List the prime factors of 6*(520 - -2) - (-9 + 11).
2, 5, 313
Suppose -34*z = -38*z + 3260. What are the prime factors of z?
5, 163
Let c = 0 - 0. Suppose -q - 4*q = c. Suppose -3*s + 4*s - 15 = q. What are the prime factors of s?
3, 5
Let k be 2 - (526/(-6) + 36/(-27)). Suppose -c = -4*c + 5*t + 477, -4*c - 3*t = -607. Let x = c - k. What are the prime factors of x?
3, 7
Let z = -603 + 2192. List the prime factors of z.
7, 227
Let f = -42 + 41. What are the prime factors of f + (128/3 - (-6)/(-9))?
41
Let g(i) = -i**2 + 8*i + 15. Let j(k) = -5*k - 1. Let o be j(-2). List the prime factors of g(o).
2, 3
Let u be 3 + -6*1/2. Suppose u = -12*p + 11*p. List the prime factors of -3 - (p/(-4) + -51).
2, 3
Let x = -24 + 24. Suppose 0*i + i - 25 = x. Suppose -2*j = 3*n + 6 - 16, -5*j - 5*n = -i. List the prime factors of j.
5
Let r(y) = 55*y - 6. List the prime factors of r(8).
2, 7, 31
Suppose -3*f - 3*g + 87 = 2*f, -f - 3*g = -27. Suppose -82 = m + 4*m + 2*p, -4*m - 3*p - 60 = 0. Let d = f - m. List the prime factors of d.
3, 11
Let y(d) = 3*d**2 + d. Let w be y(-2). Let c = 12 - w. List the prime factors of c*(9/3)/3.
2
Let d(t) = t**3 - 13*t**2 - 30*t - 1. Let z be d(15). List the prime factors of z + 78 - (-20 - -24).
73
Suppose 7*q - 3*q = 16. Suppose -6*m + 5*m + q*d = -178, 0 = -5*m + 5*d + 920. What are the prime factors of m?
2, 3, 31
Let r(u) = 2*u**3 + 3*u**2 - u - 2. Let w be r(-2). What are the prime factors of 1408/48 - w/6?
2, 3, 5
Let h = 116 + 657. What are the prime factors of h?
773
Let b(s) = s**2 - 22*s - 75. What are the prime factors of b(46)?
3, 7
Let x(v) = -v**3 + 10*v**2 - 15*v - 6. Let b be x(8). Suppose -2*f + 2*g + g + 468 = 0, -3*f + b*g + 712 = 0. List the prime factors of f.
2, 3, 5
Let x = 13 - 9. Suppose -17 + 1 = -x*q. Let d = q - 0. What are the prime factors of d?
2
Suppose 7*u - 6*u = 22. Let p = 102 - u. What are the prime factors of p?
2, 5
Suppose -5*r + 3*m = 15, r + 3*r + 5*m = -12. What are the prime factors of ((-603)/r)/((-9)/(-6))?
2, 67
Let j = -270 + 852. List the prime factors of j.
2, 3, 97
Let n = -61 - -72. List the prime factors of 1*-1 - (-69 + n).
3, 19
Suppose -13*h + 4*h + 9 = 0. What are the prime factors of (-1 - -2)*82 + (h - 4)?
79
Let t = 957 - -1124. What are the prime factors of t?
2081
Let a(n) = -4*n**3 - 15*n**2 - 76*n - 7. List the prime factors of a(-4).
313
Let w = -197 + 319. What are the prime factors of w?
2, 61
Let y(o) be the third derivative of 0*o + 1/60*o**5 + 1/3*o**3 - 6*o**2 - 1/12*o**4 + 0. What are the prime factors of y(5)?
17
Let s = -635 - -1961. What are the prime factors of s?
2, 3, 13, 17
Let z(b) = 2*b + 7*b**2 + 0*b**2 - b - 7 + 0*b. What are the prime factors of z(5)?
173
Suppose 0 = -1351*w + 1345*w + 9522. What are the prime factors of w?
3, 23
Let d be (-624)/(-15) - (-6)/15. List the prime factors of ((-8)/6)/((-2)/d).
2, 7
Let f(z) = -237*z**2 + 8 + 31*z + 483*z**2 - 242*z**2. What are the prime factors of f(-11)?
151
Let a(x) be the first derivative of x**6/30 + x**5/120 - x**3 + 1. Let w(s) be the third derivative of a(s). What are the prime factors of w(1)?
13
Suppose 4*s = 2931 - 827. What are the prime factors of s?
2, 263
Let d = -3 + -75. Let m be d*1*(-3)/(-6). Let l = 67 + m. List the prime factors of l.
2, 7
Let i(l) = -58*l - 269. What are the prime factors of i(-10)?
311
Let j be (44/(-8))/((-5)/(-70)). Let l be j/28 - 9/(-12). List the prime factors of 11/(33/(-30))*l.
2, 5
Let d = 9 - 7. Suppose 7*w - 2*w + 4*j - 85 = 0, 0 = d*w + 3*j - 27. What are the prime factors of 8/3 + (-14)/w?
2
Let z(k) = -k**3 - k**2. Let p be z(0). Suppose i - 6*i + 535 = p. Suppose i - 41 = 3*s. What are the prime factors of s?
2, 11
Let n(a) = -a**2 - 5*a - 3. Let f be n(-3). Suppose f*t - 125 - 40 = 0. List the prime factors of t.
5, 11
Let v(g) = 5*g**2 - g + 79. What are the prime factors of v(14)?
5, 11, 19
Suppose -13 - 29 = -3*b. Let h = -4 + b. List the prime factors of ((-7)/(-5) + -1)*h.
2
What are the prime factors of 13817/13 - 4/(-26)?
1063
Suppose -31*y + 6*y + 18650 = 0. List the prime factors of y.
2, 373
Suppose -3*g = y - 20, -2*g - y = 2*g - 25. Suppose -3*c - g = -23. Suppose 0*u + 2*u - c = 0. List the prime factors of u.
3
Let p be (-1)/((-4)/3156*3). Let j = p - 127. List the prime factors of j.
2, 17
Suppose 5*o - 4*d + 3*d = 169, 3*o - 2*d - 100 = 0. Suppose 184 = 5*w + o. List the prime factors of 4*(-2)/(-4) + w.
2
List the prime factors of 2720 + -5 + 9 + -5*2.
2, 23, 59
Let d(o) = -o**3 - 7*o**2 + 7*o - 2. Let c be (-22 - -18)*(-2)/(-1). What are the prime factors of d(c)?
2, 3
Let r(x) = -x**2 + 23*x + 8. Let n be r(19). List the prime factors of 5/(50/5)*n.
2, 3, 7
Let z = 111 + 143. Suppose 3*c + 0*r - 386 = -2*r, -z = -2*c + 2*r. List the prime factors of c.
2
Let d be 892/14 - 4/(-14). Let o(g) = g**3 - 17*g**2 + 17*g - 12. Let p be o(16). Suppose 0 = -6*w + p*w + d. List the prime factors of w.
2
Let x = -10643 - -15085. List the prime factors of x.
2, 2221
Let z(m) = -2*m**2 + 6*m + 2. Let o be z(3). Suppose 3*i = -12, 5*i - 2 = -0*s - s. Suppose o = j - s. What are the prime factors of j?
2, 3
Let w be -6*((-1)/(-4) + (-18)/(-24)). Let k(x) = -x**3 + x**2 - x + 13. Let j be k(0). Let t = w + j. List the prime factors of t.
7
Let h(t) = -t**2 - 10*t - 6. Let p be h(-8). Let w be (-3 + p)*(-36)/(-14). Let o = 45 - w. List the prime factors of o.
3
List the prime factors of 1802 + (-9)/(54/48).
2, 3, 13, 23
Suppose -5*u + 3*t = -936, 0 = -2*u - 3*u - 2*t + 926. Suppose 0*n - 3*p - u = -3*n, 5*n - 310 = p. List the prime factors of n.
2, 31
Let c(r) = 117*r**2 + 12*r + 50. List the prime factors of c(-4).
2, 937
List the prime factors of (1456/140)/((-4)/(-1090)).
2, 13, 109
Let v(m) = -m**2 + 11*m + 8. Let l be v(6). Suppose f + l = -f. What are the prime factors of 1/(-3)*0 - f?
19
Let m(p) = -p**2 + 15*p - 13. Let u be m(5). Suppose 5*r + 63 = -4*y + 286, r - 3*y = u. What are the prime factors of r?
43
Let q = 68 - 21. List the prime factors of q.
47
Let j = -237 + -91. What are the prime factors of (j/(-4))/(2 - 0)?
41
What are the prime factors of ((-12)/6 + 60)*(-92)/(-8)?
23, 29
Suppose 2*v + 3*v + 2*x = 25, v + 3*x = 5. List the prime factors of v.
5
Let f(s) = s**2 - 42*s + 445. List the prime factors of f(53).
2, 257
Let s = 6 + -3. Let z be 3/(3/2 - s). What are the prime factors of -4*1/z - -21?
23
Let h = 1626 - 1130. What are the prime factors of h?
2, 31
Suppose 5*q + 2*g + 570 = 0, q - g = -5*g - 96. Let j = q - -281. List the prime factors of j.
3, 5, 11
List the prime factors of (-83 + 7 + -4)*(-66)/8.
2, 3, 5, 11
What are the prime factors of ((-34)/(-8))/((-69)/(-24564))?
17, 89
What are the prime factors of 737 + 1/(7/(-35))?
2, 3, 61
Let z(a) = -a**2 - 31*a - 79. What are the prime factors of z(-28)?
5
Suppose 2*r = -43 + 1981. List the prime factors of r.
3, 17, 19
Let s(r) = -3*r - 17. Let l be s(-7). Suppose 2*c = l*c - 452. What are the prime factors of 6/(-24) + c/8?
2, 7
Let q = -567 - -1112. What are the prime factors of q?
5, 109
What are the prime factors of 686 - (5 - 10 - -1)?
2, 3, 5, 23
Suppose 0 = -245*t + 235*t + 12830. What are the prime factors of t?
1283
Suppose 0*t + 24 = -3*t. Let g be t/(-5) - (-10)/25. Suppose g*j - 58 = 60. What are the prime factors of j?
59
Suppose 4*j + 844 = 4*t, 5*t +